{"id":1569,"date":"2021-03-11T15:01:00","date_gmt":"2021-03-11T14:01:00","guid":{"rendered":"https:\/\/www.selfglobe.com\/?post_type=team&#038;p=1569"},"modified":"2021-11-02T11:11:09","modified_gmt":"2021-11-02T10:11:09","slug":"nerio-nannetti","status":"publish","type":"team","link":"https:\/\/www.selfglobe.com\/es\/team\/nerio-nannetti\/","title":{"rendered":"Nerio Nannetti"},"content":{"rendered":"\n<p>Aplicando los conceptos de econom\u00eda circular en los sistemas de transformaci\u00f3n distribuidos por Self Globe. Tambi\u00e9n colaboro activamente en el desarrollo del proyecto MAIA, el contenedor glocal perfecto para promover mi visi\u00f3n del mercado agroalimentario, conformado por peque\u00f1as explotaciones directamente conectadas con quienes se alimentan de un mismo territorio con conciencia.<\/p>\n","protected":false},"featured_media":1187,"template":"","acf":[],"yoast_head":"<!-- This site is optimized with the Yoast SEO plugin v21.8.1 - https:\/\/yoast.com\/wordpress\/plugins\/seo\/ -->\n<title>Nerio Nannetti - Self Globe | Desarrollo rural y cadena agroalimentariaSviluppo Rurale e Filiera Agroalimentare<\/title>\n<meta name=\"robots\" content=\"index, follow, max-snippet:-1, max-image-preview:large, max-video-preview:-1\" \/>\n<link rel=\"canonical\" href=\"https:\/\/www.selfglobe.com\/es\/team\/nerio-nannetti\/\" \/>\n<meta property=\"og:locale\" content=\"es_ES\" \/>\n<meta property=\"og:type\" content=\"article\" \/>\n<meta property=\"og:title\" content=\"Nerio Nannetti - Self Globe | Desarrollo rural y cadena agroalimentariaSviluppo Rurale e Filiera Agroalimentare\" \/>\n<meta property=\"og:description\" content=\"Aplicando los conceptos de econom\u00eda circular en los sistemas de transformaci\u00f3n distribuidos por Self Globe....\" \/>\n<meta property=\"og:url\" content=\"https:\/\/www.selfglobe.com\/es\/team\/nerio-nannetti\/\" \/>\n<meta property=\"og:site_name\" content=\"Self Globe | Desarrollo rural y cadena agroalimentariaSviluppo Rurale e Filiera Agroalimentare\" \/>\n<meta property=\"article:publisher\" content=\"https:\/\/www.facebook.com\/selfglobe\/\" \/>\n<meta property=\"article:modified_time\" content=\"2021-11-02T10:11:09+00:00\" \/>\n<meta property=\"og:image\" content=\"https:\/\/www.selfglobe.com\/wp-content\/uploads\/2021\/01\/nerio.jpg\" \/>\n\t<meta property=\"og:image:width\" content=\"1300\" \/>\n\t<meta property=\"og:image:height\" content=\"1300\" \/>\n\t<meta property=\"og:image:type\" content=\"image\/jpeg\" \/>\n<meta name=\"twitter:card\" content=\"summary_large_image\" \/>\n<meta name=\"twitter:label1\" content=\"Tiempo de lectura\" \/>\n\t<meta name=\"twitter:data1\" content=\"1 minuto\" \/>\n<script type=\"application\/ld+json\" class=\"yoast-schema-graph\">{\"@context\":\"https:\/\/schema.org\",\"@graph\":[{\"@type\":\"WebPage\",\"@id\":\"https:\/\/www.selfglobe.com\/es\/team\/nerio-nannetti\/\",\"url\":\"https:\/\/www.selfglobe.com\/es\/team\/nerio-nannetti\/\",\"name\":\"Nerio Nannetti - Self Globe | Desarrollo rural y cadena agroalimentariaSviluppo Rurale e Filiera Agroalimentare\",\"isPartOf\":{\"@id\":\"https:\/\/www.selfglobe.com\/fr\/#website\"},\"datePublished\":\"2021-03-11T14:01:00+00:00\",\"dateModified\":\"2021-11-02T10:11:09+00:00\",\"breadcrumb\":{\"@id\":\"https:\/\/www.selfglobe.com\/es\/team\/nerio-nannetti\/#breadcrumb\"},\"inLanguage\":\"es\",\"potentialAction\":[{\"@type\":\"ReadAction\",\"target\":[\"https:\/\/www.selfglobe.com\/es\/team\/nerio-nannetti\/\"]}]},{\"@type\":\"BreadcrumbList\",\"@id\":\"https:\/\/www.selfglobe.com\/es\/team\/nerio-nannetti\/#breadcrumb\",\"itemListElement\":[{\"@type\":\"ListItem\",\"position\":1,\"name\":\"Home\",\"item\":\"https:\/\/www.selfglobe.com\/es\/\"},{\"@type\":\"ListItem\",\"position\":2,\"name\":\"Nerio Nannetti\"}]},{\"@type\":\"WebSite\",\"@id\":\"https:\/\/www.selfglobe.com\/fr\/#website\",\"url\":\"https:\/\/www.selfglobe.com\/fr\/\",\"name\":\"Self Globe | Desarrollo rural y cadena agroalimentariaSviluppo Rurale e Filiera Agroalimentare\",\"description\":\"Desarrollo rural y cadena agroalimentaria\",\"publisher\":{\"@id\":\"https:\/\/www.selfglobe.com\/fr\/#organization\"},\"potentialAction\":[{\"@type\":\"SearchAction\",\"target\":{\"@type\":\"EntryPoint\",\"urlTemplate\":\"https:\/\/www.selfglobe.com\/fr\/?s={search_term_string}\"},\"query-input\":\"required name=search_term_string\"}],\"inLanguage\":\"es\"},{\"@type\":\"Organization\",\"@id\":\"https:\/\/www.selfglobe.com\/fr\/#organization\",\"name\":\"Self Globe | Sviluppo Rurale e Filiera Agroalimentare\",\"url\":\"https:\/\/www.selfglobe.com\/fr\/\",\"logo\":{\"@type\":\"ImageObject\",\"inLanguage\":\"es\",\"@id\":\"https:\/\/www.selfglobe.com\/fr\/#\/schema\/logo\/image\/\",\"url\":\"https:\/\/www.selfglobe.com\/wp-content\/uploads\/2022\/02\/logo-seo.jpg\",\"contentUrl\":\"https:\/\/www.selfglobe.com\/wp-content\/uploads\/2022\/02\/logo-seo.jpg\",\"width\":1000,\"height\":600,\"caption\":\"Self Globe | Sviluppo Rurale e Filiera Agroalimentare\"},\"image\":{\"@id\":\"https:\/\/www.selfglobe.com\/fr\/#\/schema\/logo\/image\/\"},\"sameAs\":[\"https:\/\/www.facebook.com\/selfglobe\/\",\"https:\/\/www.instagram.com\/self.globe\/\",\"https:\/\/www.linkedin.com\/company\/self-globe\/\"]}]}<\/script>\n<!-- \/ Yoast SEO plugin. -->","yoast_head_json":{"title":"Nerio Nannetti - Self Globe | Desarrollo rural y cadena agroalimentariaSviluppo Rurale e Filiera Agroalimentare","robots":{"index":"index","follow":"follow","max-snippet":"max-snippet:-1","max-image-preview":"max-image-preview:large","max-video-preview":"max-video-preview:-1"},"canonical":"https:\/\/www.selfglobe.com\/es\/team\/nerio-nannetti\/","og_locale":"es_ES","og_type":"article","og_title":"Nerio Nannetti - Self Globe | Desarrollo rural y cadena agroalimentariaSviluppo Rurale e Filiera Agroalimentare","og_description":"Aplicando los conceptos de econom\u00eda circular en los sistemas de transformaci\u00f3n distribuidos por Self Globe....","og_url":"https:\/\/www.selfglobe.com\/es\/team\/nerio-nannetti\/","og_site_name":"Self Globe | Desarrollo rural y cadena agroalimentariaSviluppo Rurale e Filiera Agroalimentare","article_publisher":"https:\/\/www.facebook.com\/selfglobe\/","article_modified_time":"2021-11-02T10:11:09+00:00","og_image":[{"width":1300,"height":1300,"url":"https:\/\/www.selfglobe.com\/wp-content\/uploads\/2021\/01\/nerio.jpg","type":"image\/jpeg"}],"twitter_card":"summary_large_image","twitter_misc":{"Tiempo de lectura":"1 minuto"},"schema":{"@context":"https:\/\/schema.org","@graph":[{"@type":"WebPage","@id":"https:\/\/www.selfglobe.com\/es\/team\/nerio-nannetti\/","url":"https:\/\/www.selfglobe.com\/es\/team\/nerio-nannetti\/","name":"Nerio Nannetti - Self Globe | Desarrollo rural y cadena agroalimentariaSviluppo Rurale e Filiera Agroalimentare","isPartOf":{"@id":"https:\/\/www.selfglobe.com\/fr\/#website"},"datePublished":"2021-03-11T14:01:00+00:00","dateModified":"2021-11-02T10:11:09+00:00","breadcrumb":{"@id":"https:\/\/www.selfglobe.com\/es\/team\/nerio-nannetti\/#breadcrumb"},"inLanguage":"es","potentialAction":[{"@type":"ReadAction","target":["https:\/\/www.selfglobe.com\/es\/team\/nerio-nannetti\/"]}]},{"@type":"BreadcrumbList","@id":"https:\/\/www.selfglobe.com\/es\/team\/nerio-nannetti\/#breadcrumb","itemListElement":[{"@type":"ListItem","position":1,"name":"Home","item":"https:\/\/www.selfglobe.com\/es\/"},{"@type":"ListItem","position":2,"name":"Nerio Nannetti"}]},{"@type":"WebSite","@id":"https:\/\/www.selfglobe.com\/fr\/#website","url":"https:\/\/www.selfglobe.com\/fr\/","name":"Self Globe | Desarrollo rural y cadena agroalimentariaSviluppo Rurale e Filiera Agroalimentare","description":"Desarrollo rural y cadena agroalimentaria","publisher":{"@id":"https:\/\/www.selfglobe.com\/fr\/#organization"},"potentialAction":[{"@type":"SearchAction","target":{"@type":"EntryPoint","urlTemplate":"https:\/\/www.selfglobe.com\/fr\/?s={search_term_string}"},"query-input":"required name=search_term_string"}],"inLanguage":"es"},{"@type":"Organization","@id":"https:\/\/www.selfglobe.com\/fr\/#organization","name":"Self Globe | Sviluppo Rurale e Filiera Agroalimentare","url":"https:\/\/www.selfglobe.com\/fr\/","logo":{"@type":"ImageObject","inLanguage":"es","@id":"https:\/\/www.selfglobe.com\/fr\/#\/schema\/logo\/image\/","url":"https:\/\/www.selfglobe.com\/wp-content\/uploads\/2022\/02\/logo-seo.jpg","contentUrl":"https:\/\/www.selfglobe.com\/wp-content\/uploads\/2022\/02\/logo-seo.jpg","width":1000,"height":600,"caption":"Self Globe | Sviluppo Rurale e Filiera Agroalimentare"},"image":{"@id":"https:\/\/www.selfglobe.com\/fr\/#\/schema\/logo\/image\/"},"sameAs":["https:\/\/www.facebook.com\/selfglobe\/","https:\/\/www.instagram.com\/self.globe\/","https:\/\/www.linkedin.com\/company\/self-globe\/"]}]}},"_links":{"self":[{"href":"https:\/\/www.selfglobe.com\/es\/wp-json\/wp\/v2\/team\/1569"}],"collection":[{"href":"https:\/\/www.selfglobe.com\/es\/wp-json\/wp\/v2\/team"}],"about":[{"href":"https:\/\/www.selfglobe.com\/es\/wp-json\/wp\/v2\/types\/team"}],"wp:featuredmedia":[{"embeddable":true,"href":"https:\/\/www.selfglobe.com\/es\/wp-json\/wp\/v2\/media\/1187"}],"wp:attachment":[{"href":"https:\/\/www.selfglobe.com\/es\/wp-json\/wp\/v2\/media?parent=1569"}],"curies":[{"name":"wp","href":"https:\/\/api.w.org\/{rel}","templated":true}]}}

<p>Aplicando los conceptos de economía circular en los sistemas de transformación distribuidos por Self Globe. También colaboro activamente en el desarrollo del proyecto MAIA, el contenedor glocal perfecto para promover mi visión del mercado agroalimentario, conformado por pequeñas explotaciones directamente conectadas con quienes se alimentan de un mismo territorio con conciencia.</p>

<!-- This site is optimized with the Yoast SEO plugin v21.8.1 - https://yoast.com/wordpress/plugins/seo/ -->
<title>Nerio Nannetti - Self Globe | Desarrollo rural y cadena agroalimentariaSviluppo Rurale e Filiera Agroalimentare</title>
<meta name="robots" content="index, follow, max-snippet:-1, max-image-preview:large, max-video-preview:-1" />
<link rel="canonical" href="https://www.selfglobe.com/es/team/nerio-nannetti/" />
<meta property="og:locale" content="es_ES" />
<meta property="og:type" content="article" />
<meta property="og:title" content="Nerio Nannetti - Self Globe | Desarrollo rural y cadena agroalimentariaSviluppo Rurale e Filiera Agroalimentare" />
<meta property="og:description" content="Aplicando los conceptos de economía circular en los sistemas de transformación distribuidos por Self Globe...." />
<meta property="og:url" content="https://www.selfglobe.com/es/team/nerio-nannetti/" />
<meta property="og:site_name" content="Self Globe | Desarrollo rural y cadena agroalimentariaSviluppo Rurale e Filiera Agroalimentare" />
<meta property="article:publisher" content="https://www.facebook.com/selfglobe/" />
<meta property="article:modified_time" content="2021-11-02T10:11:09+00:00" />
<meta property="og:image" content="https://www.selfglobe.com/wp-content/uploads/2021/01/nerio.jpg" />
	<meta property="og:image:width" content="1300" />
	<meta property="og:image:height" content="1300" />
	<meta property="og:image:type" content="image/jpeg" />
<meta name="twitter:card" content="summary_large_image" />
<meta name="twitter:label1" content="Tiempo de lectura" />
	<meta name="twitter:data1" content="1 minuto" />
<script type="application/ld+json" class="yoast-schema-graph">{"@context":"https://schema.org","@graph":[{"@type":"WebPage","@id":"https://www.selfglobe.com/es/team/nerio-nannetti/","url":"https://www.selfglobe.com/es/team/nerio-nannetti/","name":"Nerio Nannetti - Self Globe | Desarrollo rural y cadena agroalimentariaSviluppo Rurale e Filiera Agroalimentare","isPartOf":{"@id":"https://www.selfglobe.com/fr/#website"},"datePublished":"2021-03-11T14:01:00+00:00","dateModified":"2021-11-02T10:11:09+00:00","breadcrumb":{"@id":"https://www.selfglobe.com/es/team/nerio-nannetti/#breadcrumb"},"inLanguage":"es","potentialAction":[{"@type":"ReadAction","target":["https://www.selfglobe.com/es/team/nerio-nannetti/"]}]},{"@type":"BreadcrumbList","@id":"https://www.selfglobe.com/es/team/nerio-nannetti/#breadcrumb","itemListElement":[{"@type":"ListItem","position":1,"name":"Home","item":"https://www.selfglobe.com/es/"},{"@type":"ListItem","position":2,"name":"Nerio Nannetti"}]},{"@type":"WebSite","@id":"https://www.selfglobe.com/fr/#website","url":"https://www.selfglobe.com/fr/","name":"Self Globe | Desarrollo rural y cadena agroalimentariaSviluppo Rurale e Filiera Agroalimentare","description":"Desarrollo rural y cadena agroalimentaria","publisher":{"@id":"https://www.selfglobe.com/fr/#organization"},"potentialAction":[{"@type":"SearchAction","target":{"@type":"EntryPoint","urlTemplate":"https://www.selfglobe.com/fr/?s={search_term_string}"},"query-input":"required name=search_term_string"}],"inLanguage":"es"},{"@type":"Organization","@id":"https://www.selfglobe.com/fr/#organization","name":"Self Globe | Sviluppo Rurale e Filiera Agroalimentare","url":"https://www.selfglobe.com/fr/","logo":{"@type":"ImageObject","inLanguage":"es","@id":"https://www.selfglobe.com/fr/#/schema/logo/image/","url":"https://www.selfglobe.com/wp-content/uploads/2022/02/logo-seo.jpg","contentUrl":"https://www.selfglobe.com/wp-content/uploads/2022/02/logo-seo.jpg","width":1000,"height":600,"caption":"Self Globe | Sviluppo Rurale e Filiera Agroalimentare"},"image":{"@id":"https://www.selfglobe.com/fr/#/schema/logo/image/"},"sameAs":["https://www.facebook.com/selfglobe/","https://www.instagram.com/self.globe/","https://www.linkedin.com/company/self-globe/"]}]}</script>
<!-- / Yoast SEO plugin. -->

Aplicando los conceptos de economía circular en los sistemas de transformación distribuidos por Self Globe....
